{"id":124,"date":"2025-10-30T18:13:43","date_gmt":"2025-10-31T00:13:43","guid":{"rendered":"https:\/\/campuscosvic.com\/sede2\/?page_id=124"},"modified":"2026-01-20T16:45:33","modified_gmt":"2026-01-20T22:45:33","slug":"firma-de-contrato","status":"publish","type":"page","link":"https:\/\/campuscosvic.com\/sede2\/firma-de-contrato\/","title":{"rendered":"FIRMA DE CONTRATO"},"content":{"rendered":"        \r\n        <div class=\"contrato-box no-print\">\r\n            <div class=\"contrato-header\"><h2>FIRMA DE CONTRATO<\/h2><\/div>\r\n            <div class=\"contrato-body\"><ol>\r\n \t<li>Si el estudiante falta a clases estas deber\u00e1n ser pagadas en la siguiente<\/li>\r\n \t<li>NO se reponen lecciones por ausencias de estudiantes, a menos que presenten epicrisis medica o justificaci\u00f3n del trabajo, acta de defunci\u00f3n de un familiar en primer grado.<\/li>\r\n \t<li>La reposici\u00f3n de ex\u00e1menes tiene un costo adicional de \u00a2 15300 colones y se realizar\u00e1 \u00fanicamente por morosidad o justificaci\u00f3n de ausencia. (Causas para justificar ausencias, consultar en recepci\u00f3n).<\/li>\r\n \t<li>El pago correspondiente a la matr\u00edcula deber\u00e1 ser pagado, ya que de esta forma el Instituto se compromete a separar el cupo<\/li>\r\n \t<li>Este documento constituye como recibo \u00fanicamente por el costo de la matr\u00edcula, seg\u00fan lista de<\/li>\r\n \t<li>El curso se aprueba con una nota igual o mayor a 70 y cursos acreditados por PROMED nota igual o mayor a 75 puntos.<\/li>\r\n \t<li>El costo de los t\u00edtulos y Materiales de estudio no est\u00e1n incluidos en la totalidad del curso valor Titulo \u00a2 42000 y t\u00edtulos de curso regal\u00eda \u00a225.000 o para cursos cortos.<\/li>\r\n \t<li>El Instituto se reserva el derecho de adelantar o posponer el curso por razones de cupo<\/li>\r\n \t<li>Corre por cuenta del estudiante obtener la p\u00f3liza de riesgos del INS, es requisito (sujeto a curso matriculado)<\/li>\r\n \t<li>Se recargar\u00e1 el 10% de cada cuota por concepto de mora despu\u00e9s de la segunda lecci\u00f3n pendiente de pago , y a la cuarta lecci\u00f3n pendiente de cancelaci\u00f3n no se permite el ingreso a clases .<\/li>\r\n \t<li>No se hacen devoluciones de matr\u00edcula o promociones matricula gratis y pagos correspondientes al<\/li>\r\n \t<li>El sistema de pago se comprende en mes de 4 semanas y no mes<\/li>\r\n \t<li>Cuando se diera por motivos de cupos inferiores a siete alumnos por curso, el Instituto se reserva el derecho de posponer el inicio, unificar el grupo e incluso suspender las lecciones hasta completar el cupo requerido que como m\u00ednimo es de 8<\/li>\r\n \t<li>No nos hacemos responsables del extrav\u00edo de objetos , cuide sus pertenencias .<\/li>\r\n \t<li>Al comprobarse un caso de hurto la persona involucrada ser\u00e1 expulsada del Instituto y la persona ofendida no ser\u00e1 afectada o expuesta.<\/li>\r\n \t<li>Las constancias de estudio tienen un valor de \u00a25.950 y las certificaciones de \u00a215000.<\/li>\r\n \t<li>Es responsabilidad del estudiante exigir recibo de todo pago que realice y conservarlo, si no le entregan su recibo den\u00fancielo de inmediato a la sede que le corresponde y se verificar\u00e1 por medio de c\u00e1maras. Estas denuncias no se reciben despu\u00e9s de treinta minutos de haber realizado el pago.<\/li>\r\n \t<li>No se aceptan reclamos de pago sin el respectivo<\/li>\r\n \t<li>Nuestro instituto es afiliado a la Protectora de Cr\u00e9dito; su deuda despu\u00e9s de tres meses de no presentar pagos ser\u00e1 pasada a protecci\u00f3n de cr\u00e9dito. Es de nuestro inter\u00e9s no involucrarlo en un proceso judicial, ni afectar su r\u00e9cord crediticio.<\/li>\r\n \t<li>El pago mensual o quincenal se debe realizar por Tambi\u00e9n podr\u00e1 pagar de contado o adelantar pagos.<\/li>\r\n \t<li>El uso del uniforme del instituto es obligatorio, el estudiante no podr\u00e1 ingresar sin uniforme se contemplara un 5% de la nota final del curso, se debe acatar el c\u00f3digo de vestimenta.<\/li>\r\n \t<li>El estudiante que tenga comportamiento hostil o agresivo en las clases se sancionar\u00e1 con la suspensi\u00f3n temporal de una o dos lecciones dependiendo del grado de la Si persiste se proceder\u00e1 a la suspensi\u00f3n total del alumno sin responsabilidad para el instituto teniendo que cancelar el saldo adeudado.<\/li>\r\n \t<li>No se permite el uso de sustancias psicotr\u00f3picas (drogas) durante los recesos ni mucho menos en los periodos lectivos. As\u00ed mismo se proh\u00edbe fumar dentro del per\u00edmetro del Instituto. Si persiste se proceder\u00e1 a la suspensi\u00f3n total del alumno sin responsabilidad para el instituto teniendo que cancelar el saldo adeudado.<\/li>\r\n \t<li>No se permite el ingreso de armas de fuego o punzo cortante, de ning\u00fan tipo que atente contra la integridad f\u00edsica de las personas que se encuentran dentro de la instituci\u00f3n, se negar\u00e1 el derecho de entrar al aula. Si se comprueba la portaci\u00f3n de cualquier arma se proceder\u00e1 a la suspensi\u00f3n total del alumno sin responsabilidad para el instituto teniendo que cancelar el saldo adeudado.<\/li>\r\n \t<li>No puede realizar actos delictivos en contra del mueble e inmueble del Instituto Tecnol\u00f3gico COSVIC. Deber\u00e1 de asumir los gastos que su conducta genere, adicional a esto se dar\u00e1 aviso a la fuerza publica de los da\u00f1os causados.<\/li>\r\n<\/ol>\r\n&nbsp;\r\n\r\nFirma del Estudiante o Representante\u00a0\u00a0\u00a0\u00a0\u00a0\u00a0\u00a0\u00a0\u00a0\u00a0\u00a0\u00a0\u00a0\u00a0\u00a0\u00a0\u00a0\u00a0\u00a0\u00a0\u00a0\u00a0\u00a0\u00a0\u00a0\u00a0\u00a0\u00a0\u00a0\u00a0\u00a0\u00a0\u00a0\u00a0\u00a0\u00a0\u00a0\u00a0\u00a0\u00a0\u00a0\u00a0\u00a0\u00a0\u00a0\u00a0\u00a0\u00a0\u00a0\u00a0\u00a0\u00a0\u00a0\u00a0\u00a0\u00a0\u00a0\u00a0\u00a0\u00a0\u00a0\u00a0\u00a0\u00a0\u00a0\u00a0\u00a0\u00a0\u00a0\u00a0\u00a0\u00a0\u00a0\u00a0\u00a0\u00a0\u00a0\u00a0\u00a0\u00a0\u00a0\u00a0\u00a0\u00a0\u00a0\u00a0\u00a0\u00a0\u00a0\u00a0\u00a0\u00a0\u00a0\u00a0\u00a0\u00a0\u00a0\u00a0\u00a0\u00a0\u00a0\u00a0\u00a0\u00a0\u00a0\u00a0\u00a0\u00a0\u00a0\u00a0\u00a0\u00a0\u00a0\u00a0 Contin\u00faa...\r\n\r\n<strong>\u00a0<\/strong>\r\n<ol start=\"26\">\r\n \t<li>No se permiten comentarios racistas, discriminatorios, g\u00e9nero, edad, preferencia sexual, nacionalidad, ni otros. Si persiste se proceder\u00e1 a la suspensi\u00f3n total del alumno sin responsabilidad para el instituto teniendo que cancelar el saldo adeudado.<\/li>\r\n \t<li>Se proh\u00edbe realizar cualquier tipo de pago a los profesores del instituto, ya sea por manuales, t\u00edtulos, reposici\u00f3n de<\/li>\r\n<\/ol>\r\nclases o ex\u00e1menes, mensualidades, compra de herramientas, etc. Asimismo no se reconocen negociaciones entre alumnos y profesores. El Instituto no se hace responsable por estos actos.\r\n<ol start=\"28\">\r\n \t<li>Todo tr\u00e1mite deber\u00e1 de realizarse en nuestras<\/li>\r\n \t<li>Los d\u00edas feriados de ley, est\u00e1n contemplados dentro de la duraci\u00f3n del curso, por lo tanto no se Incluyendo vacaciones de la segunda quincena de diciembre.<\/li>\r\n \t<li>Si transcurren cuatro meses despu\u00e9s de finalizado el curso y el estudiante no ha solicitado su t\u00edtulo el precio ser\u00e1 el doble del b\u00e1sico, en caso de aumento del precio, regir\u00e1 el precio actual.<\/li>\r\n \t<li>El alumno que se retire de un curso de regal\u00eda tendr\u00e1 que cancelar las clases recibidas<\/li>\r\n \t<li>Las personas favorecidas con un curso de regal\u00eda deber\u00e1n cancelar los costos adicionales (uniforme, titulo, material did\u00e1ctico, etc.).<\/li>\r\n \t<li>Si transcurren cuatro meses despu\u00e9s de finalizado el curso y el estudiante no ha solicitado su t\u00edtulo el precio ser\u00e1 el\r\ndoble del b\u00e1sico, en caso de aumento del precio, regira el precio actual.<\/li>\r\n \t<li>El alumno que se retire de un curso de regal\u00eda tendr\u00e1 que cancelar las clases recibidas<\/li>\r\n \t<li>Las personas favorecidas con un curso de regal\u00eda deber\u00e1n cancelar los costos adicionales (uniforme, titulo, material\r\ndid\u00e1ctico, etc.).<\/li>\r\n \t<li>Es requisito indispensable traer modelos seg\u00fan lo indique el profesor (seg\u00fan la carrera matriculada).<\/li>\r\n \t<li>M\u00f3dulos acreditados por el INA: Control Electrico Industrial, Manipulaci\u00f3n de Alimentos. No en todas nuestras sedes contamos\r\ncon estos m\u00f3dulos acreditados. Carreras respaldadas por FECOPROBE: Belleza, Estilismo, Maquillaje, Peinado, Especialista en\r\ntrenzas, Masaje, Est\u00e9tica, Barber Shop, Colorimetr\u00eda.Carreras respaldadas por ABBA: Est\u00e9tica Canina, Asistente Veterinaria\r\nen especies menores, Asistente Veterinario en bovinos, Primeros Auxilios Veterinarios, Colorimetr\u00eda Canina, Adiestramiento ,\r\ncontamos con una afiliacion a canatur para todas las carreras .<\/li>\r\n \t<li>La informaci\u00f3n debe de ser, clara y ver\u00eddica, queda a responsabilidad del estudiante solicitar al Instituto la actualizaci\u00f3n\r\nde los datos. En caso de que ocurra alg\u00fan cambio el estudiante debe de presentarse a proceder con el cambio.<\/li>\r\n \t<li>La matr\u00edcula debe de ser cancelada una \u00fanica vez por curso. Si el estudiante debe volver a repetir un curso completo, debe\r\nde cancelar nuevamente la matr\u00edcula. Al firmar o aceptar este contrato autorizo el uso de mi imagen,sin compensaci\u00f3n econ\u00f3mica para fines de difusi\u00f3n en nuestras\r\nredes sociales.<\/li>\r\n \t<li>Al firmar o aceptar este contrato autorizo el uso de mi imagen,sin compensaci\u00f3n econ\u00f3mica para fines de difusi\u00f3n en nuestras\r\nredes sociales<\/li>\r\n \t<li>Se deber\u00e1 cancelar el tiempo adicional recibido de clase.<\/li>\r\n \t<li>Facilidad de pago por medio de dep\u00f3sito bancario a las cuentas Banco autorizadas o trasnferencia sinpe m\u00f3vil. Nota : pagos\r\nrealizados por deposito deben ser enviados a la sede correspondiente para su aplicacion .<\/li>\r\n \t<li>Cada inicio de curso, el Instituto Tecnol\u00f3gico COSVIC, establece precios, beneficios, regal\u00edas, van sujetos a las pol\u00edticas\r\nde la empresa, pueden cambiar seg\u00fan disposiciones y per\u00edodo.<\/li>\r\n \t<li>El estudiante puede recibir diferentes beneficios de descuento en el monto de su matr\u00edcula. El cual es establecido en\r\ncantidades y por tiempo limitado por el departamento correspondiente. Por lo que el pago de un estudiante y otro puede\r\nvariar seg\u00fan la oferta vigente el d\u00eda de la matr\u00edcula.<\/li>\r\n \t<li>El estudiante que se retire, o deje de asistir a lecciones, debe de cancelar la totalidad del curso. \u00danicamente se permitir\u00e1\r\nun cambio de per\u00edodo, en caso de: Trabajo, justificado por medio de una carta sellada y firmada por el departamento de\r\nRecursos Humanos de la empresa en donde labore; Salud, justificado por medio de un certificado m\u00e9dico que indique la\r\nincapacidad de poder recibir el curso en el per\u00edodo matriculado; p\u00e9rdida de trabajo, justificado por la carta del patrono\r\nsellada y firmada<\/li>\r\n \t<li>Los requisitos del T\u00e9cnicos en asistente de farmacia y pacientes acreditados por PROMED son: m\u00ednimo 9no a\u00f1o aprobado, curso\r\nmanejo de desechos s\u00f3lidos hospitalarios, Manipulaci\u00f3n de Alimentos\u00a0 y RCP. En caso de no cumplir con los requisitos al final del curso saldr\u00e1 el titulo\r\nsin sello PROMED.<\/li>\r\n \t<li>Deben realizar pasantias o practicas de 100 horas de los siguientes cursos Tecnicos: Gastronomia, Asistente de Pacientes,\r\nAsistente de Farmacias,Asistente Veterinario, Asistente de Preescolar, Tecnico Pastelero.<\/li>\r\n \t<li>El uniforme tiene un Costo de \u00a2 13.500 la Gabacha, \u00a2 17.000 el Jogger, Filipina \u00a2 28.250, Gorro \u00a211.300, Delantal \u00a211.300<\/li>\r\n \t<li>El estudiante que repruebe el curso tiene derecho a presentar un examen de ampliaci\u00f3n, si luego de presentar el examen sigue estando reprobado, este deber\u00e1 repetir el curso y cancelar el 50% de la cuta inicial.<\/li>\r\n<\/ol>\r\nDeclaro que he sido informado por el INSTITUTO COSVIC S.A. por lo que entiendo y acepto las condiciones antes\r\nestablecidas en este contrato de matr\u00edcula, por consiguiente al firmar me comprometo a cancelar la totalidad del curso\r\nmatriculado en las fechas establecidas por el INSTITUTO COSVIC S.A. . En mi condici\u00f3n de estudiante del INSTITUTO\r\nCOSVIC S.A. , de forma libre, acepto los t\u00e9rminos y condiciones de matr\u00edcula.\r\n\r\n&nbsp;\r\n<ul>\r\n \t<li>\u00b7\u00b7\u00b7\u00b7\u00b7\u00b7\u00b7\u00b7\u00b7\u00b7\u00b7\u00b7\u00b7\u00b7\u00b7\u00b7\u00b7\u00b7\u00b7\u00b7\u00b7\u00b7\u00b7\u00b7\u00b7\u00b7\u00b7\u00b7\u00b7\u00b7\u00b7\u00b7\u00b7\u00b7\u00b7\u00b7\u00b7\u00b7\u00b7\u00b7\u00b7\u00b7\u00b7\u00b7\u00b7\u00b7\u00b7\u00b7\u00b7\u00b7\u00b7\u00b7\u00b7\u00b7\u00b7\u00b7\u00b7\u00b7\u00b7\u00b7\u00b7\u00b7\u00b7\u00b7\u00b7\u00b7\u00b7\u00b7\u00b7\u00b7\u00b7\u00b7\u00b7\u00b7\u00b7\u00b7\u00b7\u00b7\u00b7\u00b7\u00b7\u00b7\u00b7\u00b7\u00b7\u00b7\u00b7\u00b7\u00b7\u00b7\u00b7\u00b7\u00b7\u00b7\u00b7\u00b7\u00b7\u00b7\u00b7\u00b7\u00b7\u00b7\u00b7\u00b7\u00b7\u00b7\u00b7\u00b7\u00b7\u00b7\u00b7\u00b7\u00b7\u00b7\u00b7\u00b7\u00b7\u00b7\u00b7\u00b7\u00b7\u00b7\u00b7\u00b7\u00b7\u00b7\u00b7\u00b7\u00b7\u00b7\u00b7\u00b7\u00b7\u00b7\u00b7\u00b7\u00b7\u00b7\u00b7\u00b7\u00b7\u00b7\u00b7\u00b7\u00b7\u00b7\u00b7\u00b7\u00b7\u00b7\u00b7\u00b7\u00b7\u00b7\u00b7\u00b7\u00b7\u00b7\u00b7\u00b7\u00b7\u00b7\u00b7\u00b7\u00b7\u00b7\u00b7\u00b7\u00b7\u00b7\u00b7\u00b7\u00b7\u00b7\u00b7\u00b7\u00b7\u00b7\u00b7<\/li>\r\n<\/ul>\r\n<h2>Debo y Pagar\u00e9 incondicionalmente a la orden de INSTITUTO COSVIC S.A., raz\u00f3n social 3-101-274176, en las instalaciones del Instituto o en cualquier otro lugar que me sea requerido de pago al vencimiento de cada SEMANA<\/h2><\/div>\r\n            \r\n            <div class=\"contrato-form\">\r\n                <form id=\"formContrato\">\r\n                    <input type=\"hidden\" id=\"c_nonce\" value=\"dc9f811b4d\">\r\n                    <input type=\"hidden\" name=\"estudiante_curso\" value=\"\">\r\n                    <input type=\"hidden\" name=\"estudiante_grupo\" value=\"\">\r\n                    <input type=\"hidden\" name=\"estudiante_seccion\" value=\"\">\r\n\r\n                    <div class=\"step-header\"><div class=\"step-badge\">1<\/div><h3 class=\"step-title\">DATOS<\/h3><\/div>\r\n                                        \r\n                    <div class=\"form-grid\">\r\n                        <div class=\"input-group\"><label>Nombre<\/label><input type=\"text\" name=\"estudiante_nombre\" value=\"\"  required><\/div>\r\n                        <div class=\"input-group\"><label>Cedula<\/label><input type=\"text\" name=\"estudiante_cedula\" value=\"\"  required><\/div>\r\n                    <\/div>\r\n\r\n                    <div class=\"step-header\"><div class=\"step-badge\">2<\/div><h3 class=\"step-title\">FOTOS<\/h3><\/div>\r\n                    <div class=\"cam-grid\">\r\n                        <div class=\"cam-card\" id=\"card-perfil\">\r\n                            <input type=\"hidden\" id=\"h-perfil\">\r\n                            <div id=\"ph-perfil\" class=\"sos-cam-placeholder\"><span>ROSTRO<\/span><button type=\"button\" class=\"sos-btn-cam\" id=\"btn-open-perfil\" onclick=\"startCam('perfil','user')\">ABRIR CAMARA<\/button><\/div>\r\n                            <div id=\"vb-perfil\" class=\"video-box\"><video id=\"vid-perfil\" autoplay playsinline muted><\/video><div class=\"capture-btn\" id=\"btn-snap-perfil\" onclick=\"snap('perfil')\"><div class=\"capture-inner\"><\/div><\/div><\/div>\r\n                            <img id=\"prev-perfil\" class=\"preview-img\">\r\n                            <div style=\"margin-top:10px;\"><span id=\"bt-perfil\" style=\"font-size:10px; font-weight:bold; color:#666;\"><\/span><\/div>\r\n                        <\/div>\r\n                        <div class=\"cam-card\" id=\"card-id\">\r\n                            <input type=\"hidden\" id=\"h-id\">\r\n                            <div id=\"ph-id\" class=\"sos-cam-placeholder\"><span>CEDULA<\/span><button type=\"button\" class=\"sos-btn-cam\" id=\"btn-open-id\" onclick=\"startCam('id','environment')\">ABRIR CAMARA<\/button><\/div>\r\n                            <div id=\"vb-id\" class=\"video-box\"><video id=\"vid-id\" autoplay playsinline muted><\/video><div class=\"capture-btn\" id=\"btn-snap-id\" onclick=\"snap('id')\"><div class=\"capture-inner\"><\/div><\/div><\/div>\r\n                            <img id=\"prev-id\" class=\"preview-img\">\r\n                            <div style=\"margin-top:10px;\"><span id=\"bt-id\" style=\"font-size:10px; font-weight:bold; color:#666;\"><\/span><\/div>\r\n                        <\/div>\r\n                    <\/div>\r\n\r\n                    <div class=\"step-header\"><div class=\"step-badge\">3<\/div><h3 class=\"step-title\">FIRMA<\/h3><\/div>\r\n                    <div class=\"firma-area\"><canvas id=\"firmaPad\"><\/canvas><div class=\"btn-clear\" onclick=\"clean()\">BORRAR<\/div><input type=\"hidden\" id=\"firmaData\"><\/div>\r\n\r\n                    <div id=\"debug-area\"><\/div>\r\n                    <button type=\"submit\" class=\"btn-final\" id=\"btnSubmit\">FINALIZAR<\/button>\r\n                <\/form>\r\n            <\/div>\r\n        <\/div>\r\n        \n\n\n<p><img loading=\"lazy\" decoding=\"async\" class=\"wp-image-68 aligncenter\" src=\"https:\/\/campuscosvic.com\/sede2\/wp-content\/uploads\/2025\/10\/CAMPUS-300x186.png\" alt=\"\" width=\"110\" height=\"68\" srcset=\"https:\/\/campuscosvic.com\/sede2\/wp-content\/uploads\/2025\/10\/CAMPUS-300x186.png 300w, https:\/\/campuscosvic.com\/sede2\/wp-content\/uploads\/2025\/10\/CAMPUS-768x475.png 768w, https:\/\/campuscosvic.com\/sede2\/wp-content\/uploads\/2025\/10\/CAMPUS-100x62.png 100w, https:\/\/campuscosvic.com\/sede2\/wp-content\/uploads\/2025\/10\/CAMPUS.png 933w\" sizes=\"auto, (max-width: 110px) 100vw, 110px\" \/><\/p>","protected":false},"excerpt":{"rendered":"","protected":false},"author":1,"featured_media":0,"parent":0,"menu_order":0,"comment_status":"closed","ping_status":"closed","template":"","meta":{"footnotes":""},"class_list":["post-124","page","type-page","status-publish","hentry"],"_links":{"self":[{"href":"https:\/\/campuscosvic.com\/sede2\/wp-json\/wp\/v2\/pages\/124","targetHints":{"allow":["GET"]}}],"collection":[{"href":"https:\/\/campuscosvic.com\/sede2\/wp-json\/wp\/v2\/pages"}],"about":[{"href":"https:\/\/campuscosvic.com\/sede2\/wp-json\/wp\/v2\/types\/page"}],"author":[{"embeddable":true,"href":"https:\/\/campuscosvic.com\/sede2\/wp-json\/wp\/v2\/users\/1"}],"replies":[{"embeddable":true,"href":"https:\/\/campuscosvic.com\/sede2\/wp-json\/wp\/v2\/comments?post=124"}],"version-history":[{"count":3,"href":"https:\/\/campuscosvic.com\/sede2\/wp-json\/wp\/v2\/pages\/124\/revisions"}],"predecessor-version":[{"id":129,"href":"https:\/\/campuscosvic.com\/sede2\/wp-json\/wp\/v2\/pages\/124\/revisions\/129"}],"wp:attachment":[{"href":"https:\/\/campuscosvic.com\/sede2\/wp-json\/wp\/v2\/media?parent=124"}],"curies":[{"name":"wp","href":"https:\/\/api.w.org\/{rel}","templated":true}]}}